 2*z = l - 150. Suppose -g = 2*g - l. Let i = g - 2. What are the prime factors of i?
11
What are the prime factors of 0 + 1 - (-5754 + (-6 - 7))?
2, 7, 103
Let p(n) be the first derivative of n**3 - 3*n**2/2 + 3*n + 9. List the prime factors of p(2).
3
Suppose -j = -52*h + 57*h - 2882, -5*h = 5*j - 2890. What are the prime factors of h?
2, 3
Suppose -2*t = 3*h - 4180, 4*h + 3*t - 5572 = -t. List the prime factors of h.
2, 17, 41
Suppose l = -6*b + 3*b + 28, -b = 5*l - 112. Let v be 6*(0 - l/6). Let t = 34 + v. List the prime factors of t.
2, 3
What are the prime factors of -2 - -1 - 1 - (-3412)/4?
23, 37
Let b = -18 - -29. Suppose -b = -4*x + 89. Let j = x + -1. What are the prime factors of j?
2, 3
Suppose 0 = l - 34 + 1. Let a(v) = v**2 - 5*v - 3. Let x be a(6). Suppose -3*h = j - 25, -2*h + x*j + l = h. List the prime factors of h.
3
Suppose -2*u = -4*u + 1072. What are the prime factors of u?
2, 67
Let c(s) = -s**3 - 2*s**2 + s + 3. Let u be c(0). Suppose -5*l = 5*v - 92 - u, 0 = -5*v - 3*l + 95. List the prime factors of v.
19
Suppose 4*j + m + 2*m - 546 = 0, 5*j + m = 688. List the prime factors of j.
2, 3, 23
Suppose 0 = -3*j + 15, 3*j - 15 = f - j. Suppose -5 = 5*z + f. List the prime factors of 8*3 - (-1 - z).
23
What are the prime factors of (-8 - -16 - -742) + -9?
3, 13, 19
Suppose b = 2*k + 17, 4*b - 107 + 28 = -3*k. List the prime factors of b.
19
Let w(n) = -6*n - 10. Let c be w(0). List the prime factors of c/(-75) - (-15815)/75.
211
List the prime factors of (237/(-7))/(6/(-42)).
3, 79
Let h = -1297 - -5114. List the prime factors of h.
11, 347
Let r(d) = -2*d. Let g(v) = -v + 1. Let h(z) = -g(z) + r(z). Suppose 0*o - 5*o = 60. What are the prime factors of h(o)?
11
Suppose 0 = 3*c + i - 16, 4*c - i + 4*i = 28. Suppose c*r + 15 = 7*r. Let q = r - -10. List the prime factors of q.
3, 5
Let y(j) = j - 12. Let m be y(8). Let v be 162 - m/(4/3). Suppose 75 = 4*h - v. List the prime factors of h.
2, 3, 5
Let c(o) = -o**2 + 3. Let g be c(4). Let x = g + 15. Suppose -t + x*t - 23 = 0. What are the prime factors of t?
23
Let a(q) = 2 + 15 + 4 + 6 - 10*q. What are the prime factors of a(-8)?
107
What are the prime factors of (-1 + 0)/(8/(-21176))?
2647
Let s(l) = 53*l + 183. List the prime factors of s(5).
2, 7
Let j(i) = i + 16. Let q be j(-9). Suppose q*f + 10 = 12*f. What are the prime factors of f?
2
Let d = -67 + 59. Let u(j) = -j**3 - 9*j**2 - 13*j - 10. What are the prime factors of u(d)?
2, 3, 5
Let s(a) = 21*a**2 + a + 2. Suppose -3*r = 2*h + r - 2, 5*h - 4*r = 5. Let l be 8/(-2) - (-3)/h. List the prime factors of s(l).
2, 11
Let f = 26 + -21. Suppose 2*a = a - v + f, -v + 5 = 0. Suppose a*w + 40 = w + 5*p, -w + 2*p + 19 = 0. List the prime factors of w.
5
Let r = 87 + -139. Let n be (-1)/(((-4)/(-1))/r). Suppose 4*q - q = t + 7, 5*t = -q + n. List the prime factors of q.
3
What are the prime factors of -6 + 427/21*27?
3, 181
What are the prime factors of (-2 - (-8007)/12) + 7/(-28)?
5, 7, 19
Let t(n) = -4*n + 17. Let v be t(6). List the prime factors of (-32)/(-14) - (-1 + (-9)/v).
2
Suppose 3343*j - 3339*j = 1796. List the prime factors of j.
449
Let o = 46 + 833. Suppose o = 7*j - 262. What are the prime factors of j?
163
Let b = 503 + 547. List the prime factors of b.
2, 3, 5, 7
Let v be (-4 - (-5 - -2))/((-2)/128). Let n = 27 + v. List the prime factors of n.
7, 13
Let b be (3 - (-81)/3)*1. Suppose 4*v + 5*l - 17 = -0*v, -v = l - 3. List the prime factors of (16/(-10))/(v/b).
2, 3
Let s(k) be the third derivative of -85*k**4/24 - k**3/6 + k**2. Let m be s(-1). Suppose -d + 4*d = m. List the prime factors of d.
2, 7
Let d(v) = -7*v. Let m be d(1). Let j = 101 + -125. Let g = m - j. What are the prime factors of g?
17
Let m(s) = 21*s**2 + 26*s - 41. List the prime factors of m(7).
2, 3, 5, 13
Suppose y = v - 844, 0 = -2*v - 2*v - 5*y + 3385. List the prime factors of v.
5, 13
Let g(c) be the first derivative of c**3/3 - 2*c**2 - 8*c + 1. Suppose 951*k = 959*k - 64. List the prime factors of g(k).
2, 3
Let i = 23 + -10. Suppose -5*m + 1 = -2*u - 4*m, -u + 3*m = i. Suppose 0*s - s + 23 = 3*b, -u*b = -s + 33. What are the prime factors of s?
29
Let k = -41 + 67. List the prime factors of k.
2, 13
Suppose j = 5*p + 752 + 858, -5*p = -2*j + 3205. List the prime factors of j.
5, 11, 29
Suppose -z - 1641 - 1147 = -3*s, 2*s - 1864 = -2*z. List the prime factors of s.
2, 3, 5, 31
Let q(s) = -s**2 - 8*s - 7. Let r be q(-3). What are the prime factors of 3/(2 - 14) + 402/r?
2, 5
Suppose 8*a + 12 = -132. Let n = 37 - a. What are the prime factors of n?
5, 11
Let y(k) = 26*k**2 - 13*k - 2. Let u(g) = 9*g**2 - 4*g - 1. Let v(o) = -17*u(o) + 6*y(o). List the prime factors of v(-5).
2, 5, 13
Suppose 4*h - 116 = 2*h. Suppose -2 = -4*u + h. What are the prime factors of 1*(u + 9/(-3))?
2, 3
Let u be (-2 + 1)*27/9. Let w(r) = 2*r**3 + 5*r. Let t(p) = 5*p**3 - p**2 + 14*p. Let x(v) = u*t(v) + 8*w(v). What are the prime factors of x(2)?
2
Let w = 739 - 353. What are the prime factors of w?
2, 193
Suppose 0*o + 960 = 5*o. Suppose o = 3*c + 12. What are the prime factors of c/((-9)/(-3)) + 0?
2, 5
Suppose 158 = 2*r + 3*r + 2*i, 0 = i - 4. Let z = r - 33. What are the prime factors of (0 - 3)/z - -29?
2, 3, 5
Let j(l) = l**3 + 16*l**2 + 29*l - 3. What are the prime factors of j(-7)?
5, 47
Let l(b) = -b**3 - b**2 + 4*b + 10. List the prime factors of l(-6).
2, 83
Let s(h) = 10*h - 262. List the prime factors of s(36).
2, 7
Let l(j) = 127*j**2 - j - 1. What are the prime factors of l(3)?
17, 67
Let a(z) = 39*z - 6. Let u be a(10). Suppose -2*y - 4*h = y - u, 0 = -3*h - 9. What are the prime factors of y?
2, 3, 11
Let w = -533 - -320. Let o = 301 + w. What are the prime factors of o?
2, 11
Suppose 15507 = 13*l - 119. List the prime factors of l.
2, 601
Let z be (-306)/(-2) + -8 + 5. What are the prime factors of (3 + -4)/((-2)/z)?
3, 5
Let c(f) = -f**3 + 8*f**2 + 9*f + 11. Let g be c(9). Suppose 2*s - g = 3. Suppose 33 = m - s. What are the prime factors of m?
2, 5
Suppose 2*a - 3*b + 24 = 3*a, b - 3 = 0. Suppose 0 = 3*g + 5 - 29. Let o = a + g. What are the prime factors of o?
23
Suppose -4*g = 10 + 2. Let z(l) = -l**3 - 4*l**2 - 4*l - 3. Let b be z(g). Suppose 5*w - p - 185 = b, -2*p - 37 = 3*w - 4*w. List the prime factors of w.
37
Suppose 44*d - 159630 + 55262 = 0. What are the prime factors of d?
2, 593
Let z(b) = 3*b - 10. Let o be (4/(-2))/(21/(-42)). Let m be z(o). Suppose 2*g - 60 = -m*s - 0*s, -s + g + 32 = 0. What are the prime factors of s?
31
Let p(a) = 231*a**3 + a**2 + 3*a - 10. List the prime factors of p(2).
2, 3, 7, 11
Let o(w) = -w**2 + 23*w - 50. Let s be o(20). Suppose 5*d = s*d - 265. List the prime factors of d.
53
Suppose 14*n = 15900 + 12044. List the prime factors of n.
2, 499
Suppose 0*v + 4*r = -3*v + 1345, 3*v - 4*r = 1385. What are the prime factors of v?
5, 7, 13
Suppose -5*z - 8 + 328 = 0. Let x be 2 + 2 + (-12)/6. Suppose 5*m - 5*v = 320, m - 2*v = x*v + z. What are the prime factors of m?
2
Let b = -12 - -14. Suppose -q = q - a - 95, -146 = -3*q - b*a. List the prime factors of q.
2, 3
Let a(b) = -6*b. Let c(s) = 11*s - 1. Let k(t) = 7*a(t) + 4*c(t). What are the prime factors of k(3)?
2
What are the prime factors of -4 + 1506/3 + -4?
2, 13, 19
Suppose 5*k = 4*k. Let x(b) = -b + 5. Let j be x(k). Suppose -j*u = -4*c + 100, 5*c - 107 = 4*u + 27. List the prime factors of c.
2, 3, 5
Let z(a) = -97*a - 87. List the prime factors of z(-9).
2, 3, 131
Let o(f) be the third derivative of 11*f**4/8 + 17*f**2. What are the prime factors of o(1)?
3, 11
Let a = 181 - -330. Suppose -3*d + 3*k = 2*d - 527, -5*d = k - a. List the prime factors of d.
103
Let v = -35 + 31. Let y be (-1)/v + 165/12. Let o = y + 10. What are the prime factors of o?
2, 3
Let i = -223 + 742. List the prime factors of i.
3, 173
Suppose 6*c = 31*c - 80250. What are the prime factors of c?
2, 3, 5, 107
Suppose -q = -3*k - 1256, 4*q + 24*k = 20*k + 5024. What are the prime factors of q?
2, 157
Let r be 2 - (1 - 4 - -2). Suppose -b + 4*b - 4*f - 88 = 0, 4*b + r*f - 84 = 0. Suppose g + 10 = h, 4*h - b = -5*g - 2. What are the prime factors of h?
2
Suppose 2*i = -2*y + 26 + 2, -5*i = 4*y - 51. Let z = y + -18. List the prime factors of (6/(-18))/(z/(-78)